. What is g(q)?
9
Let q(o) be the second derivative of o**4/12 - 2*o**3/3 + o**2/2 - o - 138. Suppose -3*w = -0 - 6. Let g = 6 - w. What is q(g)?
1
Suppose -2*w + 14 = 4*m + 4, m = 1. Let k(o) = 1 + o + 3 + 0 + w. Calculate k(-10).
-3
Let w(d) = d - 2. Let a be w(-5). Let o(k) = -184 + 347 - 172. Let n(x) = -x + 9. Let p(m) = 2*n(m) + 3*o(m). Calculate p(a).
5
Let k(b) = b**2. Let c = 3 - -25. Let r = c + -22. Let t(l) = 5*l**2 + 4*l + 4. Let j(w) = r*k(w) - t(w). Determine j(4).
-4
Let a(w) = -2*w + 10. Suppose -u - 28 = -q, 4*q = u + u + 56. Let g be -4 - 0 - (u - -1). Let v = 30 - g. Determine a(v).
-4
Let m(n) = 7*n + 11*n + 15*n + 83 + 11*n - 34*n. What is m(-10)?
-17
Let x be 8/40 - (2 - (-342)/(-15)). Let d(v) = 2*v - 36. Let u be d(x). Let l(z) = -4707 + 4707 + z**2 + u*z**3. What is l(-1)?
-5
Suppose 413 - 1533 = 35*u. Let d(c) = c**2 + 29*c - 82. Determine d(u).
14
Let m(g) be the first derivative of g**3/3 - 6*g**2 + 12*g - 1177. Calculate m(8).
-20
Let r = -223 - -222. Let j(f) = 2*f**2 + 1. Let d(h) = -7*h**2 + 10*h + 3. Let n(x) = r*d(x) - 3*j(x). What is n(10)?
-6
Let j(y) = -y**2 - y. Let l = -138 - -142. Suppose -b = -3*v - 18, -l*b - 4*v = -16 + 24. What is j(b)?
-12
Let t(p) = -p - 11 - 10*p - 5*p + 17*p. Suppose -44*v + 644 - 204 = 0. What is t(v)?
-1
Let g(b) be the second derivative of -b**5/20 - 11*b**4/12 - 2*b**3 - 9*b**2/2 - 3*b - 1. Suppose 2*a = -a - 30. Calculate g(a).
11
Suppose 23*z + 189 = 21 - 200. Let a(t) = 2*t**2 + 28*t - 56. Give a(z).
8
Suppose 17*l + 82*l = -103*l + 1212. Let s(j) = -11*j - 8. Let r(q) = -21*q - 15. Let f(m) = -6*r(m) + 11*s(m). Determine f(l).
32
Let a be (3 + (-2 - 0))*7. Let z(r) = -r**3 + 10*r**2 - 10*r + 19. Let i be z(9). Let j(l) = i - 3*l + 2*l - l. Determine j(a).
-4
Let l(r) be the first derivative of -r**2/2 - r + 1. Suppose -8*w = 19*w - 15957. Let k = 585 - w. Determine l(k).
5
Suppose 32*x + 131 = 3. Let l be 7/(-7) + x + -10 + -2. Let k(b) = -b**2 - 18*b - 11. Give k(l).
6
Let s(q) be the first derivative of q**7/35 - q**6/360 + q**5/120 + q**4/24 - 64*q**3 + 245. Let x(m) be the third derivative of s(m). What is x(-1)?
-25
Let a(l) = -l**2 + 3*l - 7. Let d(w) = 2*w + 3. Let g be d(7). Let s be (-1 - -2)/(6 - g/3). Let r be s/((-3)/(-2))*(-60)/(-24). Determine a(r).
-17
Let n(r) = 5*r**3 - 11*r**2 + 2*r + 4. Let x(v) = 4*v**3 - 10*v**2 + 3*v + 5. Let d(b) = -3*n(b) + 4*x(b). Let k be -5*1*52/910*-21. Give d(k).
8
Let x(h) be the first derivative of -h**2/2 + 7*h + 1. Let a(b) = 3421*b + 44470. Let p be a(-13). What is x(p)?
10
Let y(a) = 22*a**3 - 23*a**2 - 67*a - 227. Let i(q) = -5*q**3 + 6*q**2 + 14*q + 57. Let s(r) = -9*i(r) - 2*y(r). What is s(8)?
5
Suppose 26*d - 23*d - 3*w = 6, 7*d - 2*w = 34. Let g(p) = 5*p - 19. Calculate g(d).
11
Suppose 192*t - 100 = 187*t. Suppose -t*y + 20 = -40*y. Let a(v) = -2*v + 0 + 4*v + 1 - v**2. Determine a(y).
-2
Suppose -l + 285 = 4*l. Suppose 0*k + 3*k = 5*t + l, -2*t = -k + 19. Suppose 0 = -4*n + 2*u - 18, -5*u + 4 = k. Let w(m) = -m**2 - 2*m + 8. Give w(n).
-16
Let q(h) = h - 170331*h**2 + 170329*h**2 - 2 + 0. Give q(2).
-8
Let n(c) = 3*c - 54. Let s = -2786 - -2805. What is n(s)?
3
Let q(l) = -5*l**2 - 2*l + 1. Let p(w) = 2*w**2 + 64*w - 2. Suppose z - 23 = m + 10, -4*m - 124 = 4*z. Let v be p(m). Determine q(v).
-15
Let f(i) = 39*i - 25 + 56*i - 91*i. Suppose 0*w - 12*w = -96. What is f(w)?
7
Let u(r) = -2217 + 12*r**3 + 9*r - 7*r + 8*r**2 - 3*r**2 + 2216. Give u(-1).
-10
Let n(y) = -12 + 4*y**3 + 11 + 2 + 2*y**2. Suppose 3*f - 52 = -10. Suppose -f + 10 = 2*x. What is n(x)?
-23
Suppose -5*c + 2035 = 5*f, c = 6*c - 10. Let g = 410 - f. Let a(b) = -b**2 + 4*b - 3. Calculate a(g).
-8
Suppose -25 = c - 4*u, 191*u - 186*u = 5*c + 50. Let r(b) = 2*b**2 + 12*b + 9. Give r(c).
-1
Let r(i) = 2*i**2 - 5*i + 2. Let v(b) = -b**3 - 10*b**2 - 8*b + 13. Let t be v(-9). Suppose -t*q + 111 - 99 = 0. What is r(q)?
5
Suppose 3*d + 6 = -0*d - 3*z, 5 = -z. Suppose 63 = -d*f + 60. Let u be 3/(f*(2 + -3) + 0). Let v(p) = -p**2 + 2*p. Determine v(u).
-3
Let p = 69848 + -69850. Let o(b) be the second derivative of -b**3 + b**2/2 + b. Calculate o(p).
13
Suppose 9*k = 5*k - 4*x, 5*x = k - 24. Suppose -c = 3*p + 6, -k*c = 17*p - 21*p + 24. Let j(b) = -b**3 - 7*b**2 - 4*b - 2. Give j(c).
-14
Let y(j) = 39*j + 114. Let s be 5 + 2*(-3)/9*60/5. What is y(s)?
-3
Suppose 11*b - 48 = -15. Suppose 2*x = -b*d + x - 11, -3*d = -3*x + 3. Let s(v) = 2*v**2 + 4*v + 1. What is s(d)?
7
Let z(w) = 4*w + 215*w**2 + w - 4 - 445*w**2 + 231*w**2. Calculate z(1).
2
Let u(q) = -23*q - 1529. Let l be u(-67). Let c(g) be the second derivative of 2/3*g**3 + 0 - g**2 + 1/12*g**4 + l*g. What is c(-5)?
3
Let f(m) = m**2 - 15*m + 56. Let l be 8/((-7)/((-168)/32)). Give f(l).
2
Let w(t) = 6*t - 21. Let d(k) = 12*k - 43. Let u(p) = 4*d(p) - 9*w(p). What is u(12)?
-55
Let l(o) = 6*o - 40. Let g(m) = m**2 + 31*m - 7226. Let x be g(71). What is l(x)?
56
Let z be 5/((-40)/1104) - (-2)/(-2). Let p = 132 + z. Let v(a) = a**2 + 5*a. Give v(p).
14
Let g(d) = 5 + 2*d**2 - 4*d - 10*d**2 + 4*d**2 + 6*d - d**3. Let y = -5 - 0. Let w be ((-2)/(-20)*-8)/((-1)/y). Determine g(w).
-3
Suppose 0 = -2*h + t + 16, -3*h + 5*t + 16 = -1. Suppose -4*o - 12 = 0, -h*b + 4*b + 15 = 5*o. Let p(u) = -u**2 + 9*u - 9. Give p(b).
9
Suppose 3*r = -6*r - 441. Let s = r + 53. Suppose 3*i - 5*i - 12 = -2*a, -s*a = 4*i + 32. Let j(x) = -2*x + 2. Calculate j(i).
16
Let n(t) = -16 - 1376*t**2 - 12*t - 1377*t**2 + 5504*t**2 - 1376*t**2 - 1373*t**2. Calculate n(10).
64
Let y be 202 - 198 - (0 + (-17)/(-2))*2. Let s(n) = -n**3 - 13*n**2 + 2*n + 23. Give s(y).
-3
Let v(w) = 2 - w + 0*w + 0 + 2*w. Let i = -33 + 29. Let y(b) = 15*b + 60. Let c be y(i). Calculate v(c).
2
Suppose -o = g - 43291, 6321 = g + 4*o - 36973. Let h(x) = x**3 + 4*x**2 - 43290 + g - x. Determine h(-4).
4
Let o(l) = -1 - 3*l + 3*l**2 + 0*l - l**3 + l. Let d(t) = -t**2 + 11*t + 24. Let b be d(11). Suppose -b + 12 = -6*g. Determine o(g).
-1
Let i(r) = 3*r + 262 - 769 + 252 + 252. Give i(3).
6
Let j(l) be the third derivative of l**5/60 + l**4/6 - 7*l**3/6 - 20*l**2. Let u(q) = -6 - 21*q**2 + 2*q**3 - 20*q**2 + 15*q**2. Let p be u(13). What is j(p)?
5
Let h(j) = 5*j**2 + 8*j - 45. Let g(x) = -2*x**2 - 3*x + 19. Let f(v) = -7*g(v) - 3*h(v). Let n = 0 + -2. Calculate f(n).
4
Let z(m) = 27*m - 33*m + 6*m**2 + m**3 + 12*m + 10. Calculate z(-5).
5
Let o(j) be the second derivative of 0 - 1/20*j**5 - 254*j + 1/3*j**3 + 37/2*j**2 - 19/12*j**4. Calculate o(-19).
-1
Let o(x) be the first derivative of -5*x**3/3 - 15*x**2 - 4*x - 747. What is o(-6)?
-4
Let y = -927 - -1762. Let l(n) = -2*n - y*n**2 + 2*n + 1 + 836*n**2. Calculate l(1).
2
Suppose 3*p + 8*v = 12*v - 51, 3*p = -5*v - 51. Let a(c) = c**2 + 18*c + 47. Determine a(p).
30
Let t = 25137 - 25107. Let a(w) = w**3 - 30*w**2 - 2*w + 73. Calculate a(t).
13
Let s(c) = 272759*c**2 - 2*c - 272755*c**2 - 3 + 0 + 7*c**3. Determine s(-1).
-4
Let b(q) = -198*q + 10883. Let h be b(55). Let s(c) = -c**3 - 8*c**2 - 34*c - 185. What is s(h)?
4
Let q(j) = -2*j**3 - 24*j**2 + 3*j - 57. Let g(x) = x**3 + 25*x**2 - 2*x + 43. Let d(z) = 3*g(z) + 2*q(z). Determine d(27).
15
Let j(t) = -t - 1. Let c(m) = -m**3 - 5*m**2 + 9*m. Let a be c(-5). Let o = a - -47. Suppose -o*l + 4 = -6*l. Determine j(l).
0
Let f(g) = g**3 + 6*g**2 - 5*g + 8. Let h = 339 + -336. Suppose -h*z + 6 = 3*q + 33, -q - 2 = 0. Give f(z).
-6
Let s be (33/(-4))/(57/(-152)). Suppose 8*o = -s*o + 150. Let k(p) = -p**2 + 3*p + 3*p - 4 + 0*p. What is k(o)?
1
Let c(f) = -5*f - 3. Suppose 76*d - 80*d = -52. Let m be 0/d - (-2)/(-1). Determine c(m).
7
Let i(q) = q**2 + 4*q - 6. Suppose -816 = 238*b + 374. Give i(b).
-1
Let o(m) be the second derivative of 19*m**3/2 - 145*m**2 - 37*m - 4. Determine o(5).
-5
Suppose 7*u + 31 = 157. Let n = u - 34. Let m be (n/10)/(8/(-20)). Let s(v) = -2*v + 5. Determine s(m).
-3
Let j(w) = 6*w**2 + w + 5. Suppose 0 = -g - 11 + 16. Let t(y) = 2*y + 2*y**2 - y + 5*y**2 + y + g. Let o(n) = 6*j(n) - 5*t(n). Give o(4).
5
Let s be (-10)/40*(-1)/3*(2 + 6). Let k(z) be the third derivative of 1/120*z**6 + 0 + 2*z**2 - s*z**3 + 1/10*z**5 + 0*z + 1/8*z**4. Give k(-5).
6
Let b(f) = f**3 + 13*f**2 - 154*f - 1946. Let y be b(-11). Let w(v) = -v**3 - 11*